s digit of 154734868?
3
What is the ten millions digit of 1797481743?
9
What is the ten millions digit of 179497631?
7
What is the tens digit of 2337678322?
2
What is the units digit of 2786208284?
4
What is the hundred thousands digit of 3584983577?
9
What is the millions digit of 806432783?
6
What is the tens digit of 94187108?
0
What is the ten thousands digit of 2294398965?
9
What is the hundreds digit of 314550913?
9
What is the ten thousands digit of 1486455708?
5
What is the ten thousands digit of 3790652972?
5
What is the ten millions digit of 370492216?
7
What is the millions digit of 12864646?
2
What is the millions digit of 143987005?
3
What is the tens digit of 2461138785?
8
What is the billions digit of 1335731070?
1
What is the hundred millions digit of 700560406?
7
What is the tens digit of 79175983?
8
What is the units digit of 624043559?
9
What is the hundred millions digit of 479240648?
4
What is the millions digit of 4245379?
4
What is the tens digit of 1038233389?
8
What is the ten millions digit of 31748701?
3
What is the hundred thousands digit of 100622684?
6
What is the ten millions digit of 3288193095?
8
What is the hundred thousands digit of 3511882?
5
What is the hundreds digit of 385338226?
2
What is the ten thousands digit of 70754594?
5
What is the units digit of 30800481?
1
What is the thousands digit of 2045103597?
3
What is the units digit of 95967294?
4
What is the hundred millions digit of 174020825?
1
What is the thousands digit of 61970043?
0
What is the hundreds digit of 43332918?
9
What is the hundreds digit of 3473703217?
2
What is the hundreds digit of 40315443?
4
What is the hundred thousands digit of 338749182?
7
What is the ten thousands digit of 70263059?
6
What is the tens digit of 1209207?
0
What is the hundred thousands digit of 141218010?
2
What is the millions digit of 1952955636?
2
What is the thousands digit of 149931078?
1
What is the ten millions digit of 31900162?
3
What is the tens digit of 111276944?
4
What is the hundreds digit of 101929103?
1
What is the ten thousands digit of 272980172?
8
What is the millions digit of 1246252428?
6
What is the units digit of 25376479?
9
What is the thousands digit of 6741981?
1
What is the thousands digit of 2438201423?
1
What is the hundred thousands digit of 150077485?
0
What is the hundreds digit of 74447612?
6
What is the ten millions digit of 34547951?
3
What is the billions digit of 2351269224?
2
What is the hundred millions digit of 458143470?
4
What is the millions digit of 83024544?
3
What is the ten millions digit of 104225676?
0
What is the thousands digit of 142181637?
1
What is the units digit of 1227634751?
1
What is the millions digit of 170912229?
0
What is the units digit of 38789884?
4
What is the thousands digit of 4840012412?
2
What is the thousands digit of 108016099?
6
What is the hundreds digit of 79120167?
1
What is the hundreds digit of 930035274?
2
What is the ten thousands digit of 3230853438?
5
What is the units digit of 201699098?
8
What is the hundred thousands digit of 208510773?
5
What is the thousands digit of 1121203142?
3
What is the ten thousands digit of 2440271409?
7
What is the ten millions digit of 1016882052?
1
What is the ten millions digit of 45789890?
4
What is the hundreds digit of 23289185?
1
What is the millions digit of 68416456?
8
What is the ten millions digit of 56197004?
5
What is the thousands digit of 46926854?
6
What is the ten thousands digit of 1577428892?
2
What is the ten thousands digit of 469050616?
5
What is the units digit of 596402733?
3
What is the ten millions digit of 7783303259?
8
What is the ten millions digit of 164109657?
6
What is the ten millions digit of 1357556015?
5
What is the units digit of 82293770?
0
What is the hundred millions digit of 3731629278?
7
What is the hundred thousands digit of 12827880?
8
What is the tens digit of 28515692?
9
What is the hundreds digit of 239892416?
4
What is the units digit of 135457695?
5
What is the hundred millions digit of 253318664?
2
What is the hundred thousands digit of 136459248?
4
What is the ten millions digit of 866907958?
6
What is the hundred thousands digit of 111983783?
9
What is the thousands digit of 97855862?
5
What is the hundreds digit of 152707225?
2
What is the ten millions digit of 304243297?
0
What is the ten millions digit of 2057780510?
5
What is the ten millions digit of 44579433?
4
What is the units digit of 523224917?
7
What is the ten millions digit of 245204350?
4
What is the hundred thousands digit of 238858148?
8
What is the units digit of 184955022?
2
What is the hundred thousands digit of 76818649?
8
What is the thousands digit of 252568881?
8
What is the hundreds digit of 87576770?
7
What is the millions digit of 6042519580?
2
What is the millions digit of 7927792?
7
What is the millions digit of 158886514?
8
What is the tens digit of 831000295?
9
What is the hundreds digit of 36893309?
3
What is the thousands digit of 346193032?
3
What is the ten thousands digit of 30887885?
8
What is the hundred thousands digit of 336435731?
4
What is the millions digit of 357306700?
7
What is the units digit of 3048189074?
4
What is the hundreds digit of 138791542?
5
What is the ten thousands digit of 107384456?
8
What is the thousands digit of 639839179?
9
What is the hundred millions digit of 492038841?
4
What is the hundreds digit of 54088952?
9
What is the units digit of 766655820?
0
What is the ten thousands digit of 398678700?
7
What is the hundred thousands digit of 132501208?
5
What is the units digit of 97773746?
6
What is the units digit of 119611177?
7
What is the hundred millions digit of 6774245847?
7
What is the ten millions digit of 21872365?
2
What is the thousands digit of 47284616?
4
What is the hundred millions digit of 237487206?
2
What is the hundred thousands digit of 476515034?
5
What is the ten millions digit of 192119928?
9
What is the hundreds digit of 963765875?
8
What is the hundred millions digit of 1151544288?
1
What is the units digit of 72030953?
3
What is the hundred thousands digit of 5265663?
2
What is the hundreds digit of 7506186?
1
What is the millions digit of 124773900?
4
What is the ten thousands digit of 1256394828?
9
What is the millions digit of 143169501?
3
What is the millions digit of 662568838?
2
What is the hundreds digit of 609075432?
4
What is the hundreds digit of 3255502498?
4
What is the ten thousands digit of 83283?
8
What is the hundred millions digit of 3925724573?
9
What is the tens digit of 117210224?
2
What is the ten millions digit of 19660204?
1
What is the hundreds digit of 161431086?
0
What is the thousands digit of 60355974?
5
What is the millions digit of 3304960344?
4
What is the ten thousands digit of 118513133?
1
What is the tens digit of 59468711?
1
What is the millions digit of 1043777435?
3
What is the ten millions digit of 68349358?
6
What is the tens digit of 70076502?
0
What is the ten millions digit of 3754721107?
5
What is the millions digit of 861891451?
1
What is the millions digit of 223314375?
3
What is the ten thousands digit of 1405830001?
3
What is the ten millions digit of 229514867?
2
What is the thousands digit of 530152417?
2
What is the hundred thousands digit of 333406420?
4
What is the billions digit of 1481636904?
1
What is the tens digit of 16399699?
9
What is the thousands digit of 13922003?
2
What is the hundreds digit of 1347149?
1
What is the hundreds digit of 25345879?
8
What is the ten millions digit of 83250022?
8
What is the thousands digit of 1371554084?
4
What is the hundreds digit of 2025381507?
5
What is the millions digit of 471330314?
1
What is the tens digit of 336492001?
0
What is the hundred millions digit of 2129872552?
1
What is the hundred thousands digit of 250457641?
4
What is the thousands digit of 354371063?
1
What is the ten millions digit of 63013539?
6
What is the thousands digit of 1860927347?
7
What is the millions digit of 3608816335?
8
What is the thousands digit of 142792888?
2
What is the millions digit of 380727470?
0
What is the hundred thousands digit of 1255653588?
6
What is the hundred millions digit of 133617100?
1
What is the ten millions digit of 820164853?
2
What is the tens digit o